e f(r).
15
Let w(v) = -15*v + 1. Let n(f) be the second derivative of f**4/12 + 2*f**3/3 + 3*f**2 + 6*f. Let g be n(-4). Suppose -3 = g*h - 9*h. Determine w(h).
-14
Let o(g) be the first derivative of -3*g**2/2 - 9*g + 2575. Let k be (42/(-8))/3*4. Calculate o(k).
12
Let k be 45/(-18)*(-18)/5. Suppose -5*r = -k*r. Let w(l) be the first derivative of l**4/4 - l**3/3 + l**2/2 + 6*l - 1. Calculate w(r).
6
Let h(i) = -2*i + 1. Let s be (26/(-6))/((-1)/6). Suppose -r = r - s. Let z = 10 - r. Determine h(z).
7
Let r(w) = -w**2 + w + 1. Let l(t) = 4*t**2 - t. Let s be l(-1). Suppose s*o + 0*o - 45 = 0. Suppose -k + 6*g = 2*g + o, -30 = -5*k - 5*g. Calculate r(k).
-5
Let w(x) = x + 6. Let r = 43 - 34. Let g = r + -2. What is w(g)?
13
Let c(v) = v**3 - 3*v**2 + 2*v - 2. Let y be 130/11 - 14/(-77). Let x be (y/3 - 5) + 3. Calculate c(x).
-2
Let n(p) = p**2 + 7*p + 6. Suppose 29*l - 27*l + 38 = 0. Let v = 5 + -18. Let i = l - v. Give n(i).
0
Let q(d) be the third derivative of -1/24*d**4 + 0 + 1/2*d**3 - 19*d**2 + 0*d. Give q(0).
3
Let j(r) = -r**3 + 6*r**2 - 4*r + 6. Let a(b) = -b**3 + 14*b**2 - 19*b + 9. Let d be a(13). Let v = 74 + d. Calculate j(v).
11
Suppose 6*t + 28 = -20. Let x(j) = -j**2 - 7*j + 11. Let h be x(t). Let g(s) = s**3 - 2*s**2 - 2*s + 2. Give g(h).
5
Let y(b) = -3*b + 1. Let l be y(-2). Suppose 0 = 2*j - l + 5. Let u(a) be the first derivative of -4*a**3/3 - a**2/2 - 5. Calculate u(j).
-5
Let f be -1*(1 + 5) + 0. Let g(b) be the first derivative of b**4/4 - 1. Let y(x) = -4*x**3 + 6*x**2 + x + 5. Let q(m) = 5*g(m) + y(m). Determine q(f).
-1
Suppose 3*n - 16 = -n. Suppose -3*v + 4*j = 6, -2*j - 3*j = 2*v + n. Let f(w) = -2*w + 15 - 5 - 4 + 5*w - 3. Calculate f(v).
-3
Let s be (-1)/(-4) + (-75)/12. Let v(b) = -21 + 8 + 2*b + 15. Determine v(s).
-10
Let u(x) = x. Let q be 1032/(-12)*1/(-2). Suppose -o = -q + 44. Determine u(o).
-1
Let r(x) be the third derivative of -x**6/360 - x**5/20 + x**4/24 - 23*x**3/6 + 4*x**2. Let d(p) be the first derivative of r(p). Determine d(-6).
1
Let w = 1 + -1. Suppose a + w*a + 4 = 0. Let n(o) = 4*o + 54. Let p(r) = -r - 17. Let b(v) = -n(v) - 3*p(v). Calculate b(a).
1
Let v(u) = 4*u**2 + 4*u**2 - 2 - 3*u**2. Suppose w + 4*w + 80 = 0. Let y = -14 - w. What is v(y)?
18
Let j(d) be the first derivative of -d**5/60 - d**4/3 - 5*d**3/6 - 12*d**2 - 9. Let n(v) be the second derivative of j(v). What is n(-7)?
2
Suppose -23 = 5*c + 3*k, 3*c = 28*k - 25*k - 33. Let d(a) = a**3 + 8*a**2 + 4*a - 14. Give d(c).
7
Let o(b) = -4*b + 42. Let l be o(10). Let v(c) = 3*c**2 - 3*c**3 - 1 - l*c + 5*c**3 - 2*c + 5*c. What is v(-2)?
-7
Let o = 1 + -1. Let c(y) be the second derivative of -y**6/120 + y**5/60 + 2*y**3/3 + 10*y**2 - 26*y. Let m(p) be the first derivative of c(p). What is m(o)?
4
Let g(v) be the second derivative of v**4/12 - v**3 + v**2/2 + 6*v. Let f(x) = -2*x**3 - 19*x**2 - 7*x + 22. Let j be f(-9). What is g(j)?
-7
Let o be ((-1)/3)/((-4)/12). Let b(c) = -c**2 + 5*c - 1. Let n(x) = x**2 + x. Let w(m) = o*b(m) - 5*n(m). Give w(-1).
-7
Let h(r) = r**2 + 9*r - 13. Let z(p) = p**2 + 10*p - 14. Let b(w) = 6*h(w) - 5*z(w). Let l = 37 + -13. Suppose -l = -5*d + 9*d. Give b(d).
4
Let u(d) = -d**2 - 10*d + 6. Let i = 787 - 797. Give u(i).
6
Let l be (-1)/(2/12) + 14. Let m(r) be the second derivative of r**5/20 - 7*r**4/12 - 3*r**3/2 + r**2 + 3*r. Give m(l).
-6
Let b(n) be the third derivative of n**4/6 - n**3/2 + 3*n**2 + 22. Suppose -w - 35 = -4*p, 2*w - 3 = 3*w. Suppose d + 3*d = p. What is b(d)?
5
Suppose j + 0 = 5. Let i(p) = p**3 + 2*p - j*p**2 + 0*p**2 - p + 7. Suppose -2*c + 10 = 5*u, 2*c + 3*c + 2*u = 25. Give i(c).
12
Let a be (6/3)/((-1)/2). Let y(o) be the second derivative of o**3/2 + 7*o**2/2 - 4*o. Let d be y(a). Let z(n) = -n**3 - 5*n**2 + 1. Determine z(d).
1
Suppose -2*r + 16 = 2*r - 4*i, -2*i - 2 = -r. Suppose -26 = r*z - 2. Let y(v) = -3*v + 1. What is y(z)?
13
Let c(w) = -w**2 + 19*w - 21. Let p be c(18). Let i be ((0/p)/(1 - 0))/2. Let m(u) = u**3 + 2 + 0 - 4*u + 5*u - u**2. Give m(i).
2
Let n = 10 - 7. Let l be 2/n + (-30)/(-9). Let o(h) = -3*h**3 - 4*h + 4 + 0 - 3*h**3 + l*h**2 + 5*h**3. What is o(4)?
-12
Let d(f) = -f - 7. Let g(v) = v + 6. Let o(u) = u + 6. Let t(s) = -4*g(s) + 3*o(s). Let h(q) = -4*d(q) + 5*t(q). Determine h(-6).
4
Suppose 2*q + n = 6, -2*n - 7 - 8 = -5*q. Let w(v) be the second derivative of 0 - 14*v - 2/3*v**3 + 1/2*v**2 + 1/12*v**4. Give w(q).
-2
Let y(k) be the first derivative of -4*k**2 - 2*k + 69. Determine y(-3).
22
Let k = 34 + -26. Suppose 2*l + 5*b - k = 0, -b - 1 = -5*l - 4*b. Let w(v) = -4*v + 1. Give w(l).
5
Let i(m) be the first derivative of -m**2/2 - 9*m + 108. Calculate i(6).
-15
Let x be (2/3)/(7 - (-205)/(-30)). Let b(k) = x*k**2 - 11*k**2 - 5 + 8*k**2 - 4*k. Give b(6).
7
Let t(w) = 7*w + 13. Let u be t(-2). Let q be u - -5 - ((-1 - 2) + 11). Let c(k) = k**3 + 4*k**2 + 2*k + 1. Determine c(q).
-7
Let b(l) = 2*l - 11. Suppose 0 = 4*g - 13*g + 36. Calculate b(g).
-3
Suppose 7 = -2*k + 11. Suppose 15 = k*q + u - 2*u, 30 = q + 4*u. Suppose 0 = 2*z - 2 + q. Let m(t) = t**3 + 5*t**2 + 2*t + 2. Determine m(z).
10
Let q(k) = 67*k**3 - 3*k**2 + 3*k - 3. Let z(x) = 45*x**3 - 2*x**2 + 2*x - 2. Let r(v) = 5*q(v) - 7*z(v). Determine r(1).
19
Let s(z) = -12*z - 480. Let f be s(-40). Let c(r) = -r**3 - r**2 + 3*r. Give c(f).
0
Let d(b) be the third derivative of b**5/60 - 5*b**4/8 - b**3/6 - 212*b**2. Calculate d(15).
-1
Let h(j) = 3*j + 3. Let c(v) = v**3 + 8*v**2 - 11*v - 17. Let w(d) = -d**3 - 9*d**2 + 12*d + 17. Let i(p) = 2*c(p) + 3*w(p). Let x be i(-12). Determine h(x).
-18
Let s be (-12)/((0 - -1) + -2). Suppose -2*k - s = -6*k. Let w(u) be the first derivative of -u**3/3 + 3*u**2/2 - 4*u - 1. Calculate w(k).
-4
Let y(h) = -5*h + 4. Let u(g) = -g**2 + 8*g + 11. Let w be u(8). Let b = w + -8. What is y(b)?
-11
Let r(o) be the first derivative of 23 + 5/3*o**3 - 5*o - 1/4*o**4 + o**2. Calculate r(5).
5
Let q(k) be the third derivative of k**5/60 - k**4/24 + k**3/3 + 2*k**2 - 22. Calculate q(-2).
8
Let l(t) = -t + 5. Let h(d) = -d**2 - 2*d**2 - 13 + 9*d + 3 + 2*d**2. Let s be h(7). Suppose 2*v = x - 5, -x - 10 = -3*v + s*x. Calculate l(v).
10
Let s be 2 + (-3 + (-52)/(-12))*-6. Let r(t) = -2 - 7*t - 5 + 5*t + t. Calculate r(s).
-1
Let f = -8 - -8. Let y(x) = 3*x**3 + 7*x**2 + 7*x + 2. Let b(n) = -n**3 - 3*n**2 - 3*n - 1. Let r(v) = 5*b(v) + 2*y(v). Give r(f).
-1
Suppose 4*a = -3*a + 56. Let h(o) = 3*o**2 - a*o - 2 + 12*o - o**2 - 3*o. Calculate h(-3).
13
Let z(y) = y**3 - 25*y + 12*y + 11 + 11*y - 2*y**2 - 9. Calculate z(-2).
-10
Let u(c) = -c**2 + 4*c. Suppose -4*w + 68 = 260. Let k = -45 - w. What is u(k)?
3
Let b = -13 - -16. Suppose -b*r - 14 = 4*l, 0 = l + 2*l + 15. Let i(t) = 5*t**2 - 2*t + 3. Calculate i(r).
19
Let b(i) = -12*i + i**2 + 4*i - i + 6 + 2*i. What is b(7)?
6
Let l(s) be the second derivative of 1/12*s**4 + 5/6*s**3 + 3*s + 0 - 3*s**2. Calculate l(-5).
-6
Let c(z) = -z**3 - 3*z**2 + 5*z - 2. Let k be c(-4). Let v(l) = -9*l + 3*l - 1 + 0*l + l - l**2. Determine v(k).
-7
Let k(w) = -3*w + w**2 - 5 - 2*w**2 + 6. Let j(y) = y**2 - 1. Let s(p) = j(p) - k(p). Let u = 9 - 12. What is s(u)?
7
Let g(l) = 4 + 6 + l - 6. Let s be 11/(-9) + -4 - 4/(-18). Determine g(s).
-1
Let d(q) = q**3 + 1. Let v be (-2)/((-3)/(-3)*-2). Let p be d(v). Let l(x) = -x**3 - 2*x + 2. Give l(p).
-10
Let t(w) be the first derivative of -w**3/3 + 5*w**2 - 7*w - 705. Calculate t(11).
-18
Let r(v) = -v**3 + 3*v**2 - 3*v + 1. Let c be (3/(-9))/((-1)/9). Let h(g) = -3*g + 5*g + 2 + c*g + g**3 - 4*g - g**2. Let z be h(0). What is r(z)?
-1
Let q(v) be the third derivative of 0*v - 5/24*v**4 + 0 + 1/60*v**5 + 0*v**3 - v**2. Let r = -190 + 196. Give q(r).
6
Let j(h) = h**2 - 8*h + 9. Suppose -1044*a + 6 = -1043*a. Determine j(a).
-3
Let x(j) be the second derivative of j**3/6 + 5*j**2/2 - 78*j. Let y(u) = -4 - u + 2*u**2 + 4 - 7*u**3. Let o be y(1). What is x(o)?
-1
Let g(t) = t**2 + 7*t + 5. Let v(y) = -18*y + 64. Let k be v(3). Suppose u - 3*i - 15 = 0, -8 = -u + i - 3. Suppose 2*x + u*x + k = 0. What is g(x)?
-5
Let d(w) = 3*w**2 + 16*w + 14. Let k(s) = 2*s**2 + 9*s + 8. Let g(a) = -3*d(a) + 5*k(a). Let c(q) = q**3 + q + 3. Let p be c(0). What is g(p)?
-2
Let h = 0 - -1. Let x(m)